*a + 37. Suppose -u*z + z = -8. Let c(n) = 2*n - 5*n**z + 5*n**2 + 3 + n**2. What is c(-2)?
3
Suppose 15 = -o + 6*o. Let j(a) = -a + 4. Calculate j(o).
1
Suppose u + 5*j = -11, 5*j + 11 = -4. Suppose y - 4*g - 1 = 0, -8 = 3*y + y - u*g. Let w = y - -2. Let c(b) = 10*b**3 + 1. Determine c(w).
-9
Let o(b) = -2*b**2 - 6*b - 1. Let g(u) = -u - 17. Let n be g(-13). What is o(n)?
-9
Let k be 1 + (-2 - -3)*-1. Let d(h) = 0*h**3 - 77 + 80 - h**3 - 2*h + k*h. Determine d(2).
-9
Let i(o) = o**3 + 6*o**2 + 5*o - 7. Suppose 0 = -3*l + 9. Suppose l*f + 20 = -f. Determine i(f).
-7
Let z = -1 + 3. Suppose f - 2*f = z*l - 1, -4*f = 3*l - 4. Suppose l = -2*r - 5 - 1. Let p(i) = i**2 + 3*i + 1. Determine p(r).
1
Let d(o) = -o**3 - o**2. Let i(a) = a**3 - 8*a**2 - a + 8. Let v be i(8). Determine d(v).
0
Let u be 8/(-6)*6/4. Let h(l) be the third derivative of 1/6*l**3 + 1/60*l**5 + 0*l + 3*l**2 + 1/12*l**4 + 0. Calculate h(u).
1
Let t(r) = -3*r**2 - 8*r + 2*r**2 - 137 + 131. Give t(-5).
9
Let b(p) = p + 5. Suppose -5*z - 25 = -0*z. Let n be (z/(-2))/((-2)/(-4)). Let y be (6/n)/((-3)/10). Determine b(y).
1
Let g(a) = a**2 - 6*a - 7. Let u = 79 + -71. Calculate g(u).
9
Let o(c) = 3*c + 1 + 6*c - 10*c - 3 + c**3 + 2*c**2. What is o(-2)?
0
Let y be 6/4*(-28)/(-6). Suppose -4*l + 3*c + 6 = 23, 3*l + 29 = -c. Let u = y + l. Let k(x) = 7*x**3 + 2*x**2 - 1. Determine k(u).
-6
Let a(s) be the third derivative of -s**4/6 + s**3/3 + 32*s**2. What is a(2)?
-6
Let n(s) = -1. Let z(u) = -3*u - 1. Let j(o) = -4*n(o) - z(o). Give j(-4).
-7
Suppose -3*l + 7 = 1. Let d(p) be the second derivative of p**4/4 + 14*p. Calculate d(l).
12
Let a(m) = -m - 6. Let y(s) = -1. Let c(h) = -a(h) + y(h). Give c(4).
9
Let a(u) = -u**2 + u + 10. Let t be a(0). Suppose -t*l - 4 = -8*l. Let y(s) be the first derivative of -2*s**3/3 - 3*s**2/2 - 3*s + 1. Give y(l).
-5
Let g(m) be the third derivative of -1/12*m**5 - 5/6*m**3 + 0*m + 0 + 1/120*m**6 + 1/6*m**4 + 5*m**2. Calculate g(4).
-5
Suppose -3*u + 20 = 2*x, -2*x - 3*u - u = -22. Let h(z) = z**2 - 7*z + 2. What is h(x)?
2
Suppose 22 = 15*h - 8. Let m(o) = o**3 - 2*o**2 + 2*o + 2. Calculate m(h).
6
Let u be ((-34)/8 - 3/(-12))*1. Let c(j) = j**3 + 3*j**2 - 3*j - 2. What is c(u)?
-6
Suppose 5*r + 2 = -t - 2*t, -3*r - 12 = 0. Suppose 3*j - t*j + 12 = 3*u, 4*j = u + 6. Let b(d) = 1 - 3*d**2 - 2*d**u + 4*d**2 + 4*d. What is b(3)?
4
Let g(l) = 3*l**3 + 2*l + 1. Let s be 88/(-99) - (-1)/(-9). Calculate g(s).
-4
Let y(l) = 2*l + 5. Let k(u) = u**2 - 14*u + 18. Let q be k(13). Determine y(q).
15
Let v be -1 - (-5 - 3/(-3)). Let o be (0 - -3) + (0 - v). Let w(g) = -g**3 - g**2 - 4. Give w(o).
-4
Let b(p) = -6*p + 7. Let i(f) = -13*f + 14. Let n(m) = 5*b(m) - 2*i(m). What is n(5)?
-13
Let h(q) = -q + 3. Let a(p) = -p**3 + 9*p**2 + 9*p + 13. Let y be a(10). Calculate h(y).
0
Suppose -8 = -v - 4. Suppose v*y + 0*y = 4. Let h(w) = 12*w**3 - w**2 + 1. Determine h(y).
12
Let v(g) = 2*g + g**2 - 1 - 3*g**2 - g. Suppose 0 = 2*c - 0*c - 8. Suppose 0 = -q - 3 + c. What is v(q)?
-2
Let o(f) = -f - 7. Let i be 1 + -2 - (-24)/8. Suppose 20 = -2*r - i*r. Determine o(r).
-2
Let f(l) be the first derivative of l**4/4 - 5*l**3/3 + l**2/2 - 4*l - 144. Suppose t - 80 = -4*t. Suppose 5*c - 9 = t. Determine f(c).
1
Let q(k) = -8*k**3 + 4*k**2 - 8*k + 5. Let m(y) = -7*y**3 + 4*y**2 - 7*y + 4. Let o(s) = -6*m(s) + 5*q(s). What is o(2)?
5
Let c(q) = -639*q. Let t(h) = 13*h. Let w(x) = 2*c(x) + 99*t(x). Suppose -4*p + 0*p = 4. Give w(p).
-9
Let d(k) be the first derivative of -k**4/12 + k**3/6 - 3*k - 4. Let v(c) be the first derivative of d(c). Calculate v(-1).
-2
Let a(r) be the third derivative of -r**6/720 + r**5/20 - r**4/12 - 3*r**2. Let u(n) be the second derivative of a(n). What is u(6)?
0
Let o(z) = -3 + 6 - z**2 - 4 - 2. Give o(0).
-3
Suppose 2*d + 2*d = 0. Let s(r) = -r**2 + 4*r - 3*r + 3 + d. What is s(3)?
-3
Let t(q) be the second derivative of -q**3/6 + 2*q**2 - 5*q. Let g(p) = -p + 9. Let i be g(6). What is t(i)?
1
Let t(p) = -11*p**3 + 3*p**2 + 7*p - 4. Let h(b) = 31*b**3 - 9*b**2 - 20*b + 11. Let r(x) = -6*h(x) - 17*t(x). Determine r(-3).
-1
Let l be -2 + 1 + -1 - -3. Let n(v) = 9 - 4 - 1 - l - v. Calculate n(3).
0
Let c(m) be the first derivative of -m**3/3 - 2*m**2 + 5*m + 2. Let h(r) = -r + 8. Let i be h(13). Give c(i).
0
Suppose 3*u - u + 12 = 0. Let l(f) = 2*f + 4. Determine l(u).
-8
Suppose 2*t + 11 = 4*p - t, -4*t - 16 = -4*p. Suppose -4*f + 4*r + 18 = 2*r, f + r - 6 = 0. Let x(j) = 2 - 2 - f*j. Determine x(p).
5
Let w(h) = h + 1. Let y = -2 - -9. Let b = -19 + y. Let n = 17 + b. Calculate w(n).
6
Let n(r) = -3*r + 4. Let m(x) = x**2 + 20*x - 16. Let f be m(-21). Determine n(f).
-11
Let r(j) = -19 + j + 19 + 9*j**2. Give r(-1).
8
Let t(f) be the third derivative of f**5/60 + f**4/24 + f**3/2 + f**2 + 41. Suppose -4*w + 0 - 12 = 0. Calculate t(w).
9
Let m(w) = w**2 - 3*w - 3. Let h be 66/11 + (1 - 3). Determine m(h).
1
Let l(f) = f**2 - 13*f + 16. Suppose 3*o - 2*h = 7*o - 42, -4*h = -o + 15. Give l(o).
-6
Suppose 4 = -5*v + 8*v + 2*y, 0 = -v + 5*y - 10. Let b(n) = -4*n + 7. Let h(r) = 5*r - 8. Let x(q) = 4*b(q) + 3*h(q). Determine x(v).
4
Let o(i) = 5*i**3 - 8*i**2 + 3*i - 5. Let v(a) = -14*a**3 + 23*a**2 - 8*a + 14. Let q(j) = 11*o(j) + 4*v(j). Let d be (-45)/(-12) + (-6)/(-24). Calculate q(d).
5
Suppose -2*t + i - 5*i - 20 = 0, 3*i + 15 = 0. Let v be 2 + (0 - t/(-1)). Let x(a) = -5*a**3 + 5 - 4*a + 3*a**2 - 2 + 4*a**3. What is x(v)?
-1
Let i = 6 - 2. Let k(u) = u**3 - 3*u**2 - 3*u - 5. Give k(i).
-1
Let c(x) be the first derivative of -2*x**2 - x + 2. What is c(-2)?
7
Let r(t) be the third derivative of -5*t**4/12 - t**2. Suppose 4*i + y - 3*y - 6 = 0, 3*y + 1 = -2*i. Determine r(i).
-10
Let x be (-2)/(-9) - 76/18. Let c(m) be the third derivative of 0*m + 1/15*m**5 + 1/24*m**4 + 0 - 5*m**2 - 1/2*m**3 + 1/120*m**6. Determine c(x).
-7
Let x(d) = d**3 + 4*d**2 - 3*d - 2. Let b be x(-5). Let i be (0 + -6)*6/b. Let y(r) = -3*r + 2. Give y(i).
-7
Let g(s) = -s**3 + 4*s**2 - 3*s. Let l = 5 - 3. Suppose w - 1 = -l, 11 = 3*t - 5*w. Suppose 2*b + t - 6 = 0. Calculate g(b).
2
Let x(c) = -2*c - 11. Let a be x(-7). Let w(q) = 9*q - 4. Let d(b) = -3*b + 1. Let y(o) = -8*d(o) - 3*w(o). What is y(a)?
-5
Let o(q) = 3*q**2 - 5*q + 3. Let x be o(2). Let c(n) = -n + 9. What is c(x)?
4
Let h(v) = -v**3 + v**2 + 2*v - 1. Let n be 3/3 + -2 + 3. Determine h(n).
-1
Let w be ((-15)/5 - (-3)/1)/1. Let o(t) = -t - 17. Give o(w).
-17
Let f(k) = 35*k**2 - 34*k**2 - k + k. Suppose -p + 2*p + 3 = 0. Calculate f(p).
9
Let l(j) = -9*j + 1. Suppose 3*y + 2 = y. Calculate l(y).
10
Let z(h) be the third derivative of -h**5/60 + h**4/24 - 5*h**2. Determine z(0).
0
Let h(p) = -2*p + 0*p - p**2 + 0*p**2 - 6 - 6*p. Give h(-5).
9
Let p(i) = i + 7. Let n be -1*1 - (-2 - 0). Let f be (n - -1)/((-1)/2). Determine p(f).
3
Let i(u) be the first derivative of -u**2 - 7*u - 4. Suppose -3*w - 2*q + 5*q = 18, -2*w + q = 11. Calculate i(w).
3
Let k(j) be the first derivative of j**3/3 + 11*j**2/2 + 3*j + 2. Let t be k(-11). Let l(i) = -i**3 + 4*i**2 - 2. What is l(t)?
7
Let n be (-1 + 2)*(-6 + 3). Let g(b) = -2*b + 3. Let i(p) = -5*p + 5. Let j(v) = n*i(v) + 7*g(v). Let m(h) = -h**2 + 1. Let r be m(-1). Determine j(r).
6
Let k(j) = j**3 + 3*j**2 - 1. Let a be k(-3). Let v(d) = -d + 9. Let n be v(6). Let f(x) = 1 + n*x - 2*x + 0. Give f(a).
0
Let w(n) = -1 - 3*n + 2*n + 3*n + 2. What is w(4)?
9
Let c(x) be the third derivative of -x**4/24 - 5*x**3/6 + 3*x**2. Let f = -52 - -46. What is c(f)?
1
Let m(u) = 2*u**3 + 5*u - u**3 + 5*u**2 + u + 5. Let z = -7 + 3. Calculate m(z).
-3
Suppose 6*c - 33 = -3. Let x(u) = -3*u + 1. Calculate x(c).
-14
Let g(o) = -o**2 - 7*o - 6. Suppose 0 = -2*v - 2*v - 16. Calculate g(v).
6
Let h(m) = -2*m + 0*m + 2*m - m. Give h(-3).
3
Let r = -13 - -19. Let y(s) = s**3 - 7*s**2 + 4*s + 3. Give y(r).
-9
Let b(n) be the third derivative of -n**5/15 + n**3/6 + 20*n**2. Calculate b(-1).
-3
Let y(w) = 1 + 9*w + 2 - 2*w. Let u(r) = 8*r + 3. Let z(f) = 6*u(f) - 7*y(f). Calculate z(-4).
1
Suppose 0 = 5*w - 15, m + 3*w - 7 = 4. Let n = -3 + m. Let q(v) = -4*v**3 - v**2 - 2*v - 1. Calculate q(n).
4
Let b = 8 + -7. Let o(h) be the third derivative of h**6/120 - 2*h**2. Calculate o(b).
1
